*f + z, -f + 3*z = -2*z + 17. What is the units digit of f?
3
What is the units digit of (19 - -275)/((-6)/(-4)) - 1?
5
Suppose -9 = -4*a - 1. Suppose 4*d - 42 = 2*c, -3*c = a*d - c - 12. What is the units digit of d?
9
Let x be 18/5 - (-4)/10. Let w be (24/(-9))/(x/(-6)). What is the units digit of 16 - ((-9)/(-3) - w)?
7
Let h be (-1)/((5/3)/5). What is the tens digit of h/(-1) - -10 - -2?
1
Let k(b) = b**2 + 5*b - 4. Let l be k(-6). Let h be 1*15/(6/l). Suppose -4*o + 34 = g + g, h*g - o = 30. What is the units digit of g?
7
Let h(i) be the first derivative of i**3/3 + 7*i**2/2 + 6*i + 1. Let c be 3*(-2 - (-21)/9)*-8. What is the units digit of h(c)?
4
Suppose -3*a + 5 = -10. Suppose 3 = 2*o - a*o. Let z = 2 + o. What is the units digit of z?
1
Let d = 6 + -6. Suppose d = -3*j + 2*j + 17. What is the tens digit of j?
1
Suppose -7*d = -2*d - 35. Suppose 5*l = d*l - 10. Suppose 0 = -2*p + p + l. What is the units digit of p?
5
Let x = 173 + -80. What is the tens digit of x?
9
Suppose -z + 41 = -5. Suppose z = -4*g + 6*g. What is the units digit of g?
3
Let u(q) = -2*q - 3. What is the units digit of u(-6)?
9
Let z = 135 - -14. What is the hundreds digit of z?
1
Let f be 1/(-3) + (-188)/(-6). Suppose -3*c + 4*c = f. What is the tens digit of c?
3
Let m = 540 + -306. What is the tens digit of (8/(-6))/((-6)/m)?
5
What is the units digit of (-4 - 0)*(-3 + -1)?
6
What is the tens digit of 1/((3 + -2)/53)?
5
What is the hundreds digit of (-3 + -2 + 39)*(1 + 3)?
1
Suppose -4*g + 92 = 4*a, 4*g - 91 = -0*g - 5*a. What is the tens digit of g?
2
Suppose 22*q - 11828 = -2214. What is the hundreds digit of q?
4
Let p(f) = f + 8. Let j be p(-5). Suppose t + 10 = j*t. What is the units digit of t?
5
Suppose 0 = -0*l + 2*l - 6. Suppose l*v - 1 = 41. Suppose -4*y + v = -2*y. What is the units digit of y?
7
Suppose 4*a = 5*a - 151. What is the tens digit of a?
5
Let o be 2/(-6) + 13/3. What is the units digit of ((-18)/o)/3*-2?
3
Let q = -153 - -255. What is the units digit of q?
2
Let p(f) = -f + 13. Let g be ((-1)/(-3))/(2/54). What is the units digit of p(g)?
4
Let f(x) = 5*x**2 - 12*x. Let w(h) = -9*h**2 + 24*h - 1. Let b(t) = 7*f(t) + 4*w(t). Let u be b(8). Let i = u + -16. What is the tens digit of i?
1
Let h(l) = -2*l**3 - 7*l**2 - 5*l - 1. Let c be h(-4). Suppose 16 = -4*o, -4*n + 33 + c = -o. What is the tens digit of n?
1
What is the hundreds digit of 3 + (-2)/(-1) + 132?
1
Suppose -11*n + 9*n = -88. What is the units digit of n?
4
Suppose -4*h - 8 = -4. Let s(d) = -d**2 - 2*d - 1. Let z be s(h). Let m = z - -3. What is the units digit of m?
3
Let s = 3 - -27. What is the units digit of s?
0
Let k = -73 + 104. What is the tens digit of k?
3
Suppose 0*p - p = -4*i + 15, -5*i = 2*p - 35. Let o(d) = -2*d + 6. Let l be o(i). What is the units digit of 2/(-1)*-1 - l?
6
Suppose 0 = -2*d + 2*x + 198, 4*x = -15 + 3. Let a = -62 + d. Suppose -5*g = -3*g - a. What is the tens digit of g?
1
Let d(p) = -p**2 + 4*p + 1. Let z be d(4). What is the units digit of (4 - -1)/(0 + z)?
5
Let n(v) be the third derivative of v**6/360 - v**5/120 - v**4/24 - v**3/6 + 3*v**2. Let a(f) be the first derivative of n(f). What is the tens digit of a(-3)?
1
What is the units digit of (-1)/(2/(-48 - -4))?
2
Let u(f) be the second derivative of -f**4/12 + 11*f**3/6 + f. Let q be u(7). Suppose o = 3*d + q, o + d = -3*o + 73. What is the units digit of o?
9
Suppose 4 = j + 1. Suppose 4*h = 159 + 81. Suppose -j*p + h = 2*p. What is the units digit of p?
2
Let m = 23 + 12. Let y = -19 + m. Suppose -4*x + y = -0. What is the units digit of x?
4
Suppose 3*c = c + 6. Suppose -4*a = p + 2, c*a - 3*p + 5*p + 4 = 0. Suppose s - 2*s + 12 = a. What is the tens digit of s?
1
Suppose 0 = 2*x + 3*u - 34, -u - 26 = -2*x - 0*u. Let p be -3*1/(6/4). Let v = p + x. What is the units digit of v?
2
Let h be ((-3)/9)/(2/(-132)). Let a = 32 - h. What is the tens digit of a?
1
Let p(f) = 3*f**2 - 3*f + 3. What is the units digit of p(5)?
3
Let u be 8/(-1) + (-1 - 0). Let m be u/(-4 - -1) - -9. Suppose 0 = -7*t + 4*t + m. What is the units digit of t?
4
Let z = -17 + 24. What is the units digit of z?
7
Let o be -75 + (-9)/(-6 + 3). What is the units digit of (8/6)/((-6)/o)?
6
Let y(l) = -l**2 + 3*l + 11. What is the units digit of y(5)?
1
Let m(d) = d**2 + 5*d + 5. Let l(a) = a**2 + 5*a + 4. Let h be l(-4). Let o be 8*(h + -1)/2. What is the units digit of m(o)?
1
Suppose 0 = -r + 5*y + 23, -2*r + 0*y = -5*y - 56. What is the tens digit of r?
3
Let d(j) = j - 1. Let l be d(5). Suppose -3*f + 0*f - 3 = 3*c, 5*c = 2*f - 26. Suppose -5*w + 3*z = -5 - 4, -18 = -l*w - f*z. What is the units digit of w?
3
Let m = -3 + 2. Let o(p) = -2*p + 1. Let a be o(m). Suppose -z + 5*u - 15 = 4*z, -a*z + 4*u - 14 = 0. What is the units digit of z?
2
Let d be -3*(1 + 20/6). Let t(p) = p**2 - 2*p - 5. Let b be t(0). Let s = b - d. What is the units digit of s?
8
Suppose 0 = 11*t + 2*t - 754. What is the units digit of t?
8
Suppose -56*t + 785 = -51*t. What is the tens digit of t?
5
Let s(i) = i**2 + 4*i - 8. Let u be s(-6). Let y(z) = z**3 - 4*z**2 + 5*z - 6. What is the units digit of y(u)?
4
Suppose i + 2*j + 0*j = 9, -2*i + 9 = j. Suppose 3*o = 4*b - 65, -4*b + 3*b - i*o + 5 = 0. What is the units digit of b?
4
Suppose -11 - 55 = -3*d. What is the tens digit of d?
2
Suppose 129 = 9*d - 78. What is the tens digit of d?
2
Let c = 238 + -98. What is the units digit of c?
0
Let u = 100 - 49. Suppose 0*g = g - 2, 3*g = -5*c + u. What is the units digit of c?
9
What is the tens digit of 65 - (-20)/12*-3?
6
Let g(n) = n**3 + 5*n**2 + 4*n + 3. Let f be g(-4). Suppose -3 = -f*l + 3. Suppose -l*i = -9 + 1. What is the units digit of i?
4
Let b be (27/6)/(2/(-4)). Let u = b + 15. What is the units digit of u?
6
Let f(c) be the third derivative of -c**6/120 - 3*c**5/20 - c**4/8 - 2*c**3 - 3*c**2. What is the tens digit of f(-9)?
1
Suppose -d - 2 = -32. What is the units digit of d?
0
Let q(k) = -k + 6. Let h be q(2). Suppose 8 = -0*m + h*m. What is the units digit of m?
2
Suppose 3*o - 66 + 12 = 0. Suppose 2 + o = 4*x. Suppose -z - 12 = -2*s - 4, 3*z + 18 = x*s. What is the units digit of s?
6
Suppose 8 = -2*x + 5*f, -3*x + f - 14 = 24. What is the tens digit of 10/(-35) + (-648)/x?
4
Suppose -4*o = 287 + 209. Let d = -49 - o. Suppose 0 = -2*s - 3*s + d. What is the units digit of s?
5
Let l = -3 + -3. What is the units digit of ((-4)/(-6))/(l/(-9))?
1
Suppose 0*a - 5*t - 29 = a, 0 = a + 3*t + 19. Let y = a - -10. Suppose y = v - 4*j, 0 = j - 2*j. What is the units digit of v?
6
Let o = -88 - -334. What is the hundreds digit of o?
2
Let f be 570/5*(-2)/(-6). Let s be f + 3/(-3) + 1. Let y = s + -19. What is the tens digit of y?
1
Let o = 67 - 39. What is the units digit of o?
8
Let s = -5 - -9. Suppose -2*b = -2 - s. Suppose -20 = 4*h, 0 = 3*p + p - b*h - 23. What is the units digit of p?
2
Let y be ((-4)/(-6))/((-2)/(-36)). Let b = -9 - -6. Let q = y + b. What is the units digit of q?
9
Let h(r) be the third derivative of -r**4/24 + 13*r**3/6 + 16*r**2. Let w(l) = -2*l - 3. Let g be w(-6). What is the units digit of h(g)?
4
Let f(u) = u**3 - 8*u**2 + 9*u - 8. Suppose 2*t + 3 + 7 = 0. Let q(d) = d**3 + 6*d**2 + 3*d - 3. Let c be q(t). What is the units digit of f(c)?
6
Suppose 0 = -5*t, -32 = -o - 2*t - 5. What is the units digit of o?
7
Suppose 53 + 1 = -2*f. Let l = -17 - f. What is the tens digit of l?
1
Let i = -32 + 282. What is the hundreds digit of i?
2
Suppose -2 = -g + 3. Suppose 3 = -4*z - g. What is the units digit of 1 - 3/1*z?
7
Let n be 3/(-12) + 273/4. Suppose 2*y + 0*y + m - n = 0, -m + 4 = 0. What is the tens digit of y?
3
Let u(h) = 5*h**2 - 2*h - 1. Let b(l) = 2*l + 3. Let x(s) = s + 3. Let p(n) = -2*b(n) + 3*x(n). Let m be p(4). What is the units digit of u(m)?
6
Suppose 4*z = 3*z + 3. Suppose -5*x + z*x + 12 = -2*h, 5*x = 25. Let w = h + 6. What is the units digit of w?
5
Let l = 88 - 54. What is the units digit of l?
4
Let w = -51 + 92. What is the tens digit of w?
4
Let c = 35 - 15. Let a = 8 - 19. Let o = a + c. What is the units digit of o?
9
What is the units digit of (3 - 2) + 1 + 63?
5
Suppose 0 = 2*p - 5*p + 2*s + 85, -s + 79 = 3*p. Suppose -9 = -2*h + p. What is the tens digit of h?
1
Let x = 18 - 13.